{"id":863,"date":"2020-04-16T08:34:43","date_gmt":"2020-04-16T08:34:43","guid":{"rendered":"https:\/\/diary.misteli.ch\/?page_id=863"},"modified":"2020-04-16T08:34:43","modified_gmt":"2020-04-16T08:34:43","slug":"bisi","status":"publish","type":"page","link":"https:\/\/diary.misteli.ch\/?page_id=863","title":{"rendered":"Bisi"},"content":{"rendered":"\n<p>Lias braucht seit fast drei Wochen keine Windeln mehr. Er geht selbstst\u00e4ndig aufs WC und macht dort sowohl kleine als auch grosse Gesch\u00e4fte und es ist bisher nur einmal vorgekommen, dass er sich in die Hosen gemacht hat, weil er es vergessen hat. <\/p>\n\n\n\n<p>Andrin ist noch nicht soweit, aber er tr\u00e4gt Windelunterhosen und die normalen Unterhosen dar\u00fcber, damit er sich gleich f\u00fchlt. Er macht aber immer mehr kleine Gesch\u00e4fte selbstst\u00e4ndig und hat auch damit begonnen, die grossen Gesch\u00e4fte selbstst\u00e4ndig zu machen, ben\u00f6tigt aber die Windelunterhosen noch.<\/p>\n\n\n\n<p>Wir haben angefangen, mit euch Velo (mit St\u00fctzr\u00e4dern) fahren zu lernen. Andrin kann das schon sehr gut, Lias ebenfalls, aber Lia bevorzugt noch das Trottinett in den meisten F\u00e4llen. Andrin hat sich mit dem Trottinett nie so richtig abfinden k\u00f6nnen, daf\u00fcr f\u00e4hrt er sehr gerne mit dem Velo und ruft immer lautstark &#8220;Achtung Velo, alli w\u00e4g&#8221; wenn er rumf\u00e4hrt. <\/p>\n\n\n\n<p>Beide reden auch immer mehr und wir verstehen sie mittlerweile immer besser. Andrin versteht man schon sehr gut, Lias hapert noch ein wenig, kommt aber auch.<\/p>\n\n\n\n<p>Die Coronakrise hat weltweit >1.5 Millionen Infizierte. Die Schweiz scheint relativ stabil zu sein, zwar nehmen die Infizierten zu, aber deutlich weniger, und die durch den Virus Get\u00f6teten nehmen fast nicht mehr zu, was ein gutes Zeichen ist. Bei uns ist zum Gl\u00fcck noch immer niemand infiziert und wir hoffen, dass es auch so bleibt.<\/p>\n\n\n\n<figure class=\"wp-block-video\"><video controls src=\"https:\/\/diary.misteli.ch\/wp-content\/uploads\/2020\/04\/IMG_7953.mov\"><\/video><\/figure>\n\n\n\n<p><\/p>\n","protected":false},"excerpt":{"rendered":"<p>Lias braucht seit fast drei Wochen keine Windeln mehr. Er geht selbstst\u00e4ndig aufs WC und macht dort sowohl kleine als auch grosse Gesch\u00e4fte und es ist bisher nur einmal vorgekommen, dass er sich in die Hosen gemacht hat, weil er es vergessen hat. Andrin ist noch nicht soweit, aber er tr\u00e4gt Windelunterhosen und die normalen&hellip; <a class=\"more-link\" href=\"https:\/\/diary.misteli.ch\/?page_id=863\">Continue reading <span class=\"screen-reader-text\">Bisi<\/span> <span class=\"meta-nav\" aria-hidden=\"true\">&rarr;<\/span><\/a><\/p>\n","protected":false},"author":1,"featured_media":0,"parent":0,"menu_order":0,"comment_status":"closed","ping_status":"closed","template":"","meta":{"footnotes":""},"class_list":["post-863","page","type-page","status-publish","hentry"],"_links":{"self":[{"href":"https:\/\/diary.misteli.ch\/index.php?rest_route=\/wp\/v2\/pages\/863","targetHints":{"allow":["GET"]}}],"collection":[{"href":"https:\/\/diary.misteli.ch\/index.php?rest_route=\/wp\/v2\/pages"}],"about":[{"href":"https:\/\/diary.misteli.ch\/index.php?rest_route=\/wp\/v2\/types\/page"}],"author":[{"embeddable":true,"href":"https:\/\/diary.misteli.ch\/index.php?rest_route=\/wp\/v2\/users\/1"}],"replies":[{"embeddable":true,"href":"https:\/\/diary.misteli.ch\/index.php?rest_route=%2Fwp%2Fv2%2Fcomments&post=863"}],"version-history":[{"count":1,"href":"https:\/\/diary.misteli.ch\/index.php?rest_route=\/wp\/v2\/pages\/863\/revisions"}],"predecessor-version":[{"id":865,"href":"https:\/\/diary.misteli.ch\/index.php?rest_route=\/wp\/v2\/pages\/863\/revisions\/865"}],"wp:attachment":[{"href":"https:\/\/diary.misteli.ch\/index.php?rest_route=%2Fwp%2Fv2%2Fmedia&parent=863"}],"curies":[{"name":"wp","href":"https:\/\/api.w.org\/{rel}","templated":true}]}}